hat are the prime factors of 264064784?
2, 16504049
What are the prime factors of 19089749?
7, 2727107
What are the prime factors of 74324175?
3, 5, 990989
List the prime factors of 1211382353.
197, 6149149
What are the prime factors of 197484300?
2, 3, 5, 13, 16879
List the prime factors of 1975518550.
2, 5, 61, 379, 1709
What are the prime factors of 424882547?
17, 24993091
What are the prime factors of 1719180381?
3, 573060127
List the prime factors of 362479974.
2, 3, 60413329
What are the prime factors of 319915651?
11, 733, 3607
List the prime factors of 2650121985.
3, 5, 7, 23, 1097359
What are the prime factors of 427054880?
2, 5, 7, 593, 643
What are the prime factors of 3463361191?
3463361191
List the prime factors of 98155670.
2, 5, 43, 67, 3407
List the prime factors of 34503890.
2, 5, 157, 21977
What are the prime factors of 726752787?
3, 242250929
What are the prime factors of 71757313?
71757313
List the prime factors of 941738193.
3, 11, 9512507
List the prime factors of 90121886.
2, 1721, 26183
List the prime factors of 1817540214.
2, 3, 7, 43274767
What are the prime factors of 110660055?
3, 5, 11, 17, 39451
List the prime factors of 205301141.
7219, 28439
What are the prime factors of 281331861?
3, 17, 67, 281, 293
What are the prime factors of 205484247?
3, 4243, 5381
What are the prime factors of 675665109?
3, 7, 59, 181777
What are the prime factors of 47304725?
5, 13, 59, 2467
What are the prime factors of 439887387?
3, 71, 239, 8641
List the prime factors of 45954346.
2, 229, 269, 373
List the prime factors of 1570598512.
2, 7, 14023201
What are the prime factors of 207086101?
207086101
List the prime factors of 42686602.
2, 7, 467, 6529
What are the prime factors of 1798706971?
71, 25333901
List the prime factors of 603446229.
3, 17, 137, 28789
List the prime factors of 123124340.
2, 5, 503, 12239
What are the prime factors of 6677172?
2, 3, 185477
List the prime factors of 78217524.
2, 3, 7, 11, 29, 139
What are the prime factors of 4961454741?
3, 139, 1321997
What are the prime factors of 669506973?
3, 223168991
What are the prime factors of 102702666?
2, 3, 11, 107, 14543
List the prime factors of 1144042529.
7, 79, 1327, 1559
List the prime factors of 195154808.
2, 24394351
What are the prime factors of 33309457?
251, 132707
List the prime factors of 108307295.
5, 1997, 10847
List the prime factors of 22602201.
3, 7534067
What are the prime factors of 111532491?
3, 7, 590119
List the prime factors of 62017418.
2, 31008709
What are the prime factors of 20539799?
7, 47, 149, 419
List the prime factors of 178029152.
2, 7, 113539
List the prime factors of 178515365.
5, 7, 1789, 2851
What are the prime factors of 563810747?
16993, 33179
What are the prime factors of 97522998?
2, 3, 29, 560477
What are the prime factors of 380388836?
2, 43, 2211563
List the prime factors of 3057221810.
2, 5, 2711, 112771
What are the prime factors of 2615482562?
2, 7, 11, 16983653
What are the prime factors of 458097933?
3, 1319, 115769
List the prime factors of 22385354.
2, 11192677
List the prime factors of 16506280.
2, 5, 7, 167, 353
List the prime factors of 478371385.
5, 29, 31, 3433
What are the prime factors of 183671909?
1433, 128173
List the prime factors of 781775695.
5, 61, 2563199
List the prime factors of 73209568.
2, 179, 12781
What are the prime factors of 624700437?
3, 31, 59, 257, 443
List the prime factors of 3018854650.
2, 5, 7, 23, 47, 79, 101
What are the prime factors of 730073851?
13, 127, 442201
List the prime factors of 201849377.
389, 518893
List the prime factors of 210257447.
73, 2880239
What are the prime factors of 195115754?
2, 2549, 38273
List the prime factors of 2136644.
2, 31, 17231
List the prime factors of 295918661.
295918661
What are the prime factors of 152709831?
3, 233, 72823
What are the prime factors of 256480959?
3, 7, 29, 113, 3727
What are the prime factors of 1519990?
2, 5, 97, 1567
List the prime factors of 11947569.
3, 1009, 3947
List the prime factors of 61847971.
61847971
List the prime factors of 1955553438.
2, 3, 3229, 100937
What are the prime factors of 47725318?
2, 967, 24677
List the prime factors of 921312630.
2, 3, 5, 7, 54163
What are the prime factors of 1938892455?
3, 5, 101, 223, 1913
List the prime factors of 72688476.
2, 3, 7, 865339
What are the prime factors of 148031125?
5, 11, 199, 541
List the prime factors of 48498140.
2, 5, 2424907
What are the prime factors of 74331896?
2, 109, 85243
List the prime factors of 887711618.
2, 6977, 63617
List the prime factors of 255066066.
2, 3, 691, 20507
What are the prime factors of 129367799?
11, 37, 317857
List the prime factors of 759472219.
11, 947, 72907
List the prime factors of 51632386.
2, 13, 19, 5501
What are the prime factors of 105013066?
2, 52506533
List the prime factors of 11029232.
2, 163, 4229
What are the prime factors of 1629900346?
2, 73, 199, 56099
List the prime factors of 7690722457.
11, 277, 2524031
What are the prime factors of 709338911?
709338911
List the prime factors of 1912028037.
3, 103, 227, 27259
What are the prime factors of 6203348267?
467, 13283401
What are the prime factors of 2130627160?
2, 5, 53265679
List the prime factors of 525269454.
2, 3, 87544909
What are the prime factors of 521804563?
7, 751, 99259
List the prime factors of 79307686.
2, 17, 61, 38239
List the prime factors of 248182418.
2, 11, 11281019
What are the prime factors of 5606328319?
37, 151522387
What are the prime factors of 2576369722?
2, 1288184861
List the prime factors of 1251647662.
2, 625823831
List the prime factors of 29403110.
2, 5, 11, 267301
What are the prime factors of 340589887?
11, 30962717
What are the prime factors of 1446567737?
709, 2040293
List the prime factors of 1631241304.
2, 7, 11, 101, 157, 167
What are the prime factors of 268812861?
3, 29, 3089803
List the prime factors of 94524177.
3, 11, 31, 92399
What are the prime factors of 76789982?
2, 19, 2020789
List the prime factors of 49562420.
2, 5, 53, 46757
List the prime factors of 925612545.
3, 5, 11, 13, 431521
List the prime factors of 188158971.
3, 7, 11, 13, 8951
List the prime factors of 99334627.
7, 107, 132623
What are the prime factors of 49983023?
89, 561607
List the prime factors of 181990172.
2, 7, 13, 499973
List the prime factors of 22110483.
3, 7370161
What are the prime factors of 88209802?
2, 44104901
List the prime factors of 564776769.
3, 29, 37, 47, 3733
What are the prime factors of 2151368?
2, 268921
What are the prime factors of 919183178?
2, 19, 23, 1051697
List the prime factors of 685571021.
11311, 60611
List the prime factors of 26129939.
11, 43, 55243
List the prime factors of 4938840968.
2, 23, 26841527
List the prime factors of 1362965807.
7, 193, 1008857
What are the prime factors of 2038847586?
2, 3, 127, 2675653
List the prime factors of 45338656.
2, 11, 151, 853
What are the prime factors of 238825451?
41, 59, 98729
What are the prime factors of 30654815?
5, 31, 197773
List the prime factors of 1088009143.
13, 83693011
List the prime factors of 1169237750.
2, 5, 4676951
List the prime factors of 1303192801.
293, 4447757
List the prime factors of 34720158.
2, 3, 11, 526063
List the prime factors of 468485617.
9901, 47317
List the prime factors of 44513063.
7, 367, 17327
List the prime factors of 52798585.
5, 7, 1508531
What are the prime factors of 44906269?
1699, 26431
List the prime factors of 445440683.
445440683
What are the prime factors of 14609639?
11, 59, 22511
What are the prime factors of 153235303?
13, 11787331
List the prime factors of 87419662.
2, 11, 79, 179, 281
What are the prime factors of 52576407?
3, 13, 2659
What are the prime factors of 3972311?
7, 19, 29867
List the prime factors of 1949384175.
3, 5, 25991789
List the prime factors of 10018987.
11, 910817
What are the prime factors of 1557744181?
7, 222534883
What are the prime factors of 256887788?
2, 2131, 30137
What are the prime factors of 216988655?
5, 13, 677, 4931
What are the prime factors of 286248396?
2, 3, 7, 486817
What are the prime factors of 710891156?
2, 19, 9353831
What are the prime factors of 1719174897?
3, 11, 29, 54437
What are the prime factors of 1152883755?
3, 5, 25619639
List the prime factors of 1444842105.
3, 5, 